{"id":25,"date":"2023-10-24T11:53:00","date_gmt":"2023-10-24T10:53:00","guid":{"rendered":"https:\/\/bdb.mbmuenchen.de\/securewp\/?page_id=25"},"modified":"2025-01-07T11:53:45","modified_gmt":"2025-01-07T10:53:45","slug":"schilf-netzwerk-oberbayern","status":"publish","type":"page","link":"https:\/\/bdb.mbmuenchen.de\/1securewp\/?page_id=25","title":{"rendered":"SchiLf &#8211; Netzwerk Oberbayern"},"content":{"rendered":"\n<figure class=\"wp-block-image size-full\"><img loading=\"lazy\" decoding=\"async\" width=\"908\" height=\"314\" src=\"https:\/\/bdb.mbmuenchen.de\/1securewp\/wp-content\/uploads\/2024\/02\/logo-snob1.jpg\" alt=\"\" class=\"wp-image-47\" srcset=\"https:\/\/bdb.mbmuenchen.de\/1securewp\/wp-content\/uploads\/2024\/02\/logo-snob1.jpg 908w, https:\/\/bdb.mbmuenchen.de\/1securewp\/wp-content\/uploads\/2024\/02\/logo-snob1-300x104.jpg 300w, https:\/\/bdb.mbmuenchen.de\/1securewp\/wp-content\/uploads\/2024\/02\/logo-snob1-768x266.jpg 768w\" sizes=\"auto, (max-width: 908px) 100vw, 908px\" \/><\/figure>\n\n\n\n<p><strong>Das SchiLF-Netzwerk Oberbayern ist aktuell im Aufbau.<\/strong><\/p>\n\n\n\n<p>Informationen f\u00fcr interessierte Kolleginnen und Kollegen zur Idee des&nbsp;<strong>SchiLF-Netzwerks Digitale Bildung Oberbayern&nbsp;<\/strong><\/p>\n\n\n\n<ul class=\"wp-block-list\">\n<li>Fortbildner:innen arbeiten oberbayernweit auf&nbsp;<strong>Honorarbasis<\/strong>&nbsp;(RLFB-S\u00e4tze)<\/li>\n\n\n\n<li><strong>Angebot<\/strong>: RLFBs (ganzt\u00e4gig, halbt\u00e4gig) zu den Kompetenzbereichen des ISB-Kompetenzrahmens zur Medienbildung, zu BayernCloud Schule (ByCS)- Teilangeboten (mebis, Visavid, mediathek, zu fachspezifischen Inhalten und zu grundlegenden Fertigkeiten, fach\u00fcbergreifend oder -spezifisch<\/li>\n\n\n\n<li><strong>Koordination<\/strong>&nbsp;durch mBdBs der drei Regierungsbezirke<\/li>\n\n\n\n<li><strong>Angebote dargestellt und<\/strong>&nbsp;<strong>buchbar<\/strong>&nbsp;\u00fcber Websites der BdBs f\u00fcr Obb. West, Muc, Ost (ab 2023\/24)<\/li>\n\n\n\n<li><strong>St\u00e4ndige Akquise neuer Referent:innen<\/strong>: interessierte Kolleg:innen sind eingeladen, dem Netzwerk beizutreten<\/li>\n\n\n\n<li>Aufbau eines&nbsp;<strong>Kandidat:innen-Pools<\/strong>&nbsp;f\u00fcr KeRN-Teams Obb.-West, Muc, Ost<\/li>\n<\/ul>\n\n\n\n<hr class=\"wp-block-separator has-alpha-channel-opacity\"\/>\n\n\n\n<p>Sie k\u00f6nnen sich jederzeit&nbsp;formlos&nbsp;und ganz&nbsp;unverbindlich&nbsp;unter der&nbsp;<strong>E-Mail-Adresse&nbsp;<a href=\"mailto:akquise@schilfnetzwerk.de\">akquise@schilfnetzwerk.de<\/a><\/strong>&nbsp;unter Angabe von&nbsp;Schule&nbsp;und&nbsp;F\u00e4cherkombination melden.<\/p>\n\n\n\n<p>Wir ermutigen Sie, sich bei Interesse zu melden, auch wenn Sie noch nicht ganz sicher sind, ob Sie als Fortbildner bzw. Fortbildnerin t\u00e4tig sein m\u00f6chten. Es besteht auch die M\u00f6glichkeit, sich zun\u00e4chst mit Fachkolleginnen und -kollegen zu vernetzen oder sich in den&nbsp;<strong>Fachgruppen digitale Bildung<\/strong>&nbsp;zu engagieren!<\/p>\n\n\n\n<p>Die ersten Informationen zu dem SchiLF &#8211; Netzwerk wurden <strong>in der Auftaktveranstaltung<\/strong> am 24.10.2023 besprochen.  <\/p>\n\n\n\n<p>Ab dem kommenden Schuljahr werden die Angebote den Schulen zur Verf\u00fcgung gestellt, um passende Angebote f\u00fcr gew\u00fcnschte Fortbildungen auszuw\u00e4hlen. <\/p>\n\n\n\n<h2 class=\"wp-block-heading\">Fachgruppen digitale Bildung (ab dem Schuljahr 2024\/25)<\/h2>\n\n\n\n<p>Im Folgenden werden die Motivation und \u00dcberlegungen f\u00fcr die Etablierung von den &#8222;Fachgruppen digitale Bildung&#8220; genauer erl\u00e4utert.<\/p>\n\n\n\n<p>Die digitale Transformation unserer Schulen schreitet voran; dieses kommt aktuell z.B. im Rollout der &#8222;Digitalen Schule der Zukunft&#8220; im kommenden Schuljahr zum Ausdruck. Neben rein informationstechnischen Fragen rund um Endger\u00e4te, WLAN und andere Infrastruktur geraten zunehmend Fragen zu Praxisbeispielen aus den F\u00e4chern, zur Weiterentwicklung des digital gest\u00fctzten Fachunterrichts und dem Potential neuer Entwicklungen und Technologien &#8211; wie z.B. K\u00fcnstliche Intelligenz &#8211; in &nbsp;den verschiedenen F\u00e4chern in den Fokus.<\/p>\n\n\n\n<p>Vor diesem Hintergrund hat die Beratung digitale Bildung im vergangenen Jahr mit Planungen zum Aufbau von oberbayernweiten Fachgruppen Digitale Bildung begonnen.<\/p>\n\n\n\n<p>Die Referierenden der Referenten-Netzwerke Digitale Bildung (RefNetzDiBi) in Obb.-Ost und West sowie in M\u00fcnchen, einschl. der Beratenden Digitale Bildung (BdBs), haben neben ihrer f\u00e4cher\u00fcbergreifenden Expertise haupts\u00e4chlich in ihren eigenen F\u00e4chern vertiefte Einblicke in fach(medien)didaktische Aspekte des Einsatzes digitaler Medien in der Schule.\u00a0<\/p>\n\n\n\n<p>Zwar erg\u00e4nzen sich diese Akteure bzgl. der abgedeckten Schul-F\u00e4cher, allerdings sind einzelne F\u00e4cher in den Regierungsbezirken unterschiedlich stark oder auch gar nicht ber\u00fccksichtigt. Aus dieser Erkenntnis heraus haben wir im vergangenen Jahr mit den Ministerialbeauftragten der drei oberbayerischen Regierungsbezirke R\u00fccksprache gehalten und begonnen &#8211; u.a. auch im Rahmen von Fachreferenten-Tagungen, Einzelgespr\u00e4chen mit diversen Fachreferentinnen und Fachreferenten sowie Schulbesuchen &#8211; f\u00fcr regierungsbezirks\u00fcbergreifende Fachgruppen Digitale Bildung zu werben.<\/p>\n\n\n\n<p>In diesem Kontext wurdet Ihr durch Eure Fachreferent:innen&nbsp;\u201enominiert\u201c&nbsp;oder habt pers\u00f6nlich Interesse an einer aktiven Mitwirkung signalisiert.&nbsp;<\/p>\n\n\n\n<p>Eine&nbsp;Mitwirkung&nbsp;in den Fachgruppen ist jeweils niederschweflig im Rahmen der individuellen pers\u00f6nlichen zeitlichen Ressourcen m\u00f6glich; n\u00e4here Infos hierzu bei der Auftaktveranstaltung.<\/p>\n\n\n\n<p>Im Zuge der DSdZ-Ausweitung auf alle Gymnasien Oberbayern gewinnt die von uns angestrebte B\u00fcndelung von Fachexpertise und der niederschwellige Zugang zu dieser f\u00fcr die Lehrkr\u00e4fte unserer Schulen weiter an Bedeutung und eine auch neue Dringlichkeit.&nbsp;<\/p>\n\n\n\n<p>Wir streben mit diesem Angebot daher eine Erg\u00e4nzung sowohl zentraler Angebote durch ISB und ALP Dillingen als auch der Angebote der Fachreferentinnen und -referenten der Bezirke an die Fachleitungen der jeweiligen Schulen an; eine Doppelung und Parallelstrukturen wird dabei strikt vermieden werden.<\/p>\n\n\n\n<h2 class=\"wp-block-heading\">Informationen aus der lokalen Auftaktveranstaltung am 01.10.24<\/h2>\n\n\n\n<p>In dem folgenden Dokument finden sich alle wichtigen Informationen aus der 1. Auftaktveranstaltung zu den digitalen Fachgruppen, die am 01.10.24 online stattgefunden hat. Neben den Links zur Taskcard mit allen wichtigen Informationen sind dort auch die Kontaktdaten bei Interesse der Teilnahme an den digitalen Fachgruppen zu finden. <\/p>\n\n\n\n<div data-wp-interactive=\"core\/file\" class=\"wp-block-file\"><object data-wp-bind--hidden=\"!state.hasPdfPreview\" hidden class=\"wp-block-file__embed\" data=\"https:\/\/bdb.mbmuenchen.de\/1securewp\/wp-content\/uploads\/2025\/01\/2024-10-08-Infos-Auftaktveranstaltung_DigFachg.pdf\" type=\"application\/pdf\" style=\"width:100%;height:600px\" aria-label=\"Einbettung von 2024-10-08-Infos Auftaktveranstaltung_DigFachg.\"><\/object><a id=\"wp-block-file--media-1bf5982c-aa54-470b-a85e-fd20300bf56d\" href=\"https:\/\/bdb.mbmuenchen.de\/1securewp\/wp-content\/uploads\/2025\/01\/2024-10-08-Infos-Auftaktveranstaltung_DigFachg.pdf\">2024-10-08-Infos Auftaktveranstaltung_DigFachg<\/a><a href=\"https:\/\/bdb.mbmuenchen.de\/1securewp\/wp-content\/uploads\/2025\/01\/2024-10-08-Infos-Auftaktveranstaltung_DigFachg.pdf\" class=\"wp-block-file__button wp-element-button\" download aria-describedby=\"wp-block-file--media-1bf5982c-aa54-470b-a85e-fd20300bf56d\">Herunterladen<\/a><\/div>\n","protected":false},"excerpt":{"rendered":"<p>Das SchiLF-Netzwerk Oberbayern ist aktuell im Aufbau. Informationen f\u00fcr interessierte Kolleginnen und Kollegen zur Idee des&nbsp;SchiLF-Netzwerks Digitale Bildung Oberbayern&nbsp; Sie k\u00f6nnen sich jederzeit&nbsp;formlos&nbsp;und ganz&nbsp;unverbindlich&nbsp;unter der&nbsp;E-Mail-Adresse&nbsp;akquise@schilfnetzwerk.de&nbsp;unter Angabe von&nbsp;Schule&nbsp;und&nbsp;F\u00e4cherkombination melden. Wir ermutigen Sie, sich bei Interesse zu<\/p>\n","protected":false},"author":2,"featured_media":0,"parent":0,"menu_order":0,"comment_status":"closed","ping_status":"closed","template":"","meta":{"footnotes":""},"class_list":["post-25","page","type-page","status-publish","hentry"],"_links":{"self":[{"href":"https:\/\/bdb.mbmuenchen.de\/1securewp\/index.php?rest_route=\/wp\/v2\/pages\/25","targetHints":{"allow":["GET"]}}],"collection":[{"href":"https:\/\/bdb.mbmuenchen.de\/1securewp\/index.php?rest_route=\/wp\/v2\/pages"}],"about":[{"href":"https:\/\/bdb.mbmuenchen.de\/1securewp\/index.php?rest_route=\/wp\/v2\/types\/page"}],"author":[{"embeddable":true,"href":"https:\/\/bdb.mbmuenchen.de\/1securewp\/index.php?rest_route=\/wp\/v2\/users\/2"}],"replies":[{"embeddable":true,"href":"https:\/\/bdb.mbmuenchen.de\/1securewp\/index.php?rest_route=%2Fwp%2Fv2%2Fcomments&post=25"}],"version-history":[{"count":0,"href":"https:\/\/bdb.mbmuenchen.de\/1securewp\/index.php?rest_route=\/wp\/v2\/pages\/25\/revisions"}],"wp:attachment":[{"href":"https:\/\/bdb.mbmuenchen.de\/1securewp\/index.php?rest_route=%2Fwp%2Fv2%2Fmedia&parent=25"}],"curies":[{"name":"wp","href":"https:\/\/api.w.org\/{rel}","templated":true}]}}

<figure class="wp-block-image size-full"><img loading="lazy" decoding="async" width="908" height="314" src="https://bdb.mbmuenchen.de/1securewp/wp-content/uploads/2024/02/logo-snob1.jpg" alt="" class="wp-image-47" srcset="https://bdb.mbmuenchen.de/1securewp/wp-content/uploads/2024/02/logo-snob1.jpg 908w, https://bdb.mbmuenchen.de/1securewp/wp-content/uploads/2024/02/logo-snob1-300x104.jpg 300w, https://bdb.mbmuenchen.de/1securewp/wp-content/uploads/2024/02/logo-snob1-768x266.jpg 768w" sizes="auto, (max-width: 908px) 100vw, 908px" /></figure>



<p><strong>Das SchiLF-Netzwerk Oberbayern ist aktuell im Aufbau.</strong></p>



<p>Informationen für interessierte Kolleginnen und Kollegen zur Idee des&nbsp;<strong>SchiLF-Netzwerks Digitale Bildung Oberbayern&nbsp;</strong></p>



<ul class="wp-block-list">
<li>Fortbildner:innen arbeiten oberbayernweit auf&nbsp;<strong>Honorarbasis</strong>&nbsp;(RLFB-Sätze)</li>



<li><strong>Angebot</strong>: RLFBs (ganztägig, halbtägig) zu den Kompetenzbereichen des ISB-Kompetenzrahmens zur Medienbildung, zu BayernCloud Schule (ByCS)- Teilangeboten (mebis, Visavid, mediathek, zu fachspezifischen Inhalten und zu grundlegenden Fertigkeiten, fachübergreifend oder -spezifisch</li>



<li><strong>Koordination</strong>&nbsp;durch mBdBs der drei Regierungsbezirke</li>



<li><strong>Angebote dargestellt und</strong>&nbsp;<strong>buchbar</strong>&nbsp;über Websites der BdBs für Obb. West, Muc, Ost (ab 2023/24)</li>



<li><strong>Ständige Akquise neuer Referent:innen</strong>: interessierte Kolleg:innen sind eingeladen, dem Netzwerk beizutreten</li>



<li>Aufbau eines&nbsp;<strong>Kandidat:innen-Pools</strong>&nbsp;für KeRN-Teams Obb.-West, Muc, Ost</li>
</ul>



<hr class="wp-block-separator has-alpha-channel-opacity"/>



<p>Sie können sich jederzeit&nbsp;formlos&nbsp;und ganz&nbsp;unverbindlich&nbsp;unter der&nbsp;<strong>E-Mail-Adresse&nbsp;<a href="mailto:akquise@schilfnetzwerk.de">akquise@schilfnetzwerk.de</a></strong>&nbsp;unter Angabe von&nbsp;Schule&nbsp;und&nbsp;Fächerkombination melden.</p>



<p>Wir ermutigen Sie, sich bei Interesse zu melden, auch wenn Sie noch nicht ganz sicher sind, ob Sie als Fortbildner bzw. Fortbildnerin tätig sein möchten. Es besteht auch die Möglichkeit, sich zunächst mit Fachkolleginnen und -kollegen zu vernetzen oder sich in den&nbsp;<strong>Fachgruppen digitale Bildung</strong>&nbsp;zu engagieren!</p>



<p>Die ersten Informationen zu dem SchiLF &#8211; Netzwerk wurden <strong>in der Auftaktveranstaltung</strong> am 24.10.2023 besprochen.  </p>



<p>Ab dem kommenden Schuljahr werden die Angebote den Schulen zur Verfügung gestellt, um passende Angebote für gewünschte Fortbildungen auszuwählen. </p>



<h2 class="wp-block-heading">Fachgruppen digitale Bildung (ab dem Schuljahr 2024/25)</h2>



<p>Im Folgenden werden die Motivation und Überlegungen für die Etablierung von den &#8222;Fachgruppen digitale Bildung&#8220; genauer erläutert.</p>



<p>Die digitale Transformation unserer Schulen schreitet voran; dieses kommt aktuell z.B. im Rollout der &#8222;Digitalen Schule der Zukunft&#8220; im kommenden Schuljahr zum Ausdruck. Neben rein informationstechnischen Fragen rund um Endgeräte, WLAN und andere Infrastruktur geraten zunehmend Fragen zu Praxisbeispielen aus den Fächern, zur Weiterentwicklung des digital gestützten Fachunterrichts und dem Potential neuer Entwicklungen und Technologien &#8211; wie z.B. Künstliche Intelligenz &#8211; in &nbsp;den verschiedenen Fächern in den Fokus.</p>



<p>Vor diesem Hintergrund hat die Beratung digitale Bildung im vergangenen Jahr mit Planungen zum Aufbau von oberbayernweiten Fachgruppen Digitale Bildung begonnen.</p>



<p>Die Referierenden der Referenten-Netzwerke Digitale Bildung (RefNetzDiBi) in Obb.-Ost und West sowie in München, einschl. der Beratenden Digitale Bildung (BdBs), haben neben ihrer fächerübergreifenden Expertise hauptsächlich in ihren eigenen Fächern vertiefte Einblicke in fach(medien)didaktische Aspekte des Einsatzes digitaler Medien in der Schule. </p>



<p>Zwar ergänzen sich diese Akteure bzgl. der abgedeckten Schul-Fächer, allerdings sind einzelne Fächer in den Regierungsbezirken unterschiedlich stark oder auch gar nicht berücksichtigt. Aus dieser Erkenntnis heraus haben wir im vergangenen Jahr mit den Ministerialbeauftragten der drei oberbayerischen Regierungsbezirke Rücksprache gehalten und begonnen &#8211; u.a. auch im Rahmen von Fachreferenten-Tagungen, Einzelgesprächen mit diversen Fachreferentinnen und Fachreferenten sowie Schulbesuchen &#8211; für regierungsbezirksübergreifende Fachgruppen Digitale Bildung zu werben.</p>



<p>In diesem Kontext wurdet Ihr durch Eure Fachreferent:innen&nbsp;„nominiert“&nbsp;oder habt persönlich Interesse an einer aktiven Mitwirkung signalisiert.&nbsp;</p>



<p>Eine&nbsp;Mitwirkung&nbsp;in den Fachgruppen ist jeweils niederschweflig im Rahmen der individuellen persönlichen zeitlichen Ressourcen möglich; nähere Infos hierzu bei der Auftaktveranstaltung.</p>



<p>Im Zuge der DSdZ-Ausweitung auf alle Gymnasien Oberbayern gewinnt die von uns angestrebte Bündelung von Fachexpertise und der niederschwellige Zugang zu dieser für die Lehrkräfte unserer Schulen weiter an Bedeutung und eine auch neue Dringlichkeit.&nbsp;</p>



<p>Wir streben mit diesem Angebot daher eine Ergänzung sowohl zentraler Angebote durch ISB und ALP Dillingen als auch der Angebote der Fachreferentinnen und -referenten der Bezirke an die Fachleitungen der jeweiligen Schulen an; eine Doppelung und Parallelstrukturen wird dabei strikt vermieden werden.</p>



<h2 class="wp-block-heading">Informationen aus der lokalen Auftaktveranstaltung am 01.10.24</h2>



<p>In dem folgenden Dokument finden sich alle wichtigen Informationen aus der 1. Auftaktveranstaltung zu den digitalen Fachgruppen, die am 01.10.24 online stattgefunden hat. Neben den Links zur Taskcard mit allen wichtigen Informationen sind dort auch die Kontaktdaten bei Interesse der Teilnahme an den digitalen Fachgruppen zu finden. </p>



<div data-wp-interactive="core/file" class="wp-block-file"><object data-wp-bind--hidden="!state.hasPdfPreview" hidden class="wp-block-file__embed" data="https://bdb.mbmuenchen.de/1securewp/wp-content/uploads/2025/01/2024-10-08-Infos-Auftaktveranstaltung_DigFachg.pdf" type="application/pdf" style="width:100%;height:600px" aria-label="Einbettung von 2024-10-08-Infos Auftaktveranstaltung_DigFachg."></object><a id="wp-block-file--media-1bf5982c-aa54-470b-a85e-fd20300bf56d" href="https://bdb.mbmuenchen.de/1securewp/wp-content/uploads/2025/01/2024-10-08-Infos-Auftaktveranstaltung_DigFachg.pdf">2024-10-08-Infos Auftaktveranstaltung_DigFachg</a><a href="https://bdb.mbmuenchen.de/1securewp/wp-content/uploads/2025/01/2024-10-08-Infos-Auftaktveranstaltung_DigFachg.pdf" class="wp-block-file__button wp-element-button" download aria-describedby="wp-block-file--media-1bf5982c-aa54-470b-a85e-fd20300bf56d">Herunterladen</a></div>

<p>Das SchiLF-Netzwerk Oberbayern ist aktuell im Aufbau. Informationen für interessierte Kolleginnen und Kollegen zur Idee des&nbsp;SchiLF-Netzwerks Digitale Bildung Oberbayern&nbsp; Sie können sich jederzeit&nbsp;formlos&nbsp;und ganz&nbsp;unverbindlich&nbsp;unter der&nbsp;E-Mail-Adresse&nbsp;akquise@schilfnetzwerk.de&nbsp;unter Angabe von&nbsp;Schule&nbsp;und&nbsp;Fächerkombination melden. Wir ermutigen Sie, sich bei Interesse zu</p>
